9724. Calculate a(-108).
-4
Let d(b) = 7*b**2 - 1496*b - 7. Give d(0).
-7
Let d(t) = -4*t**2 + 395*t - 9590. Determine d(55).
35
Let q(f) = 3*f**2 - 386*f + 986. Give q(127).
351
Let x(o) = -o**3 - 162*o**2 + 1951*o - 528. Give x(11).
0
Let x(k) = k**2 + 12412*k - 1491195. Determine x(119).
-6
Let j(s) = -2*s**3 - 652*s**2 + 413*s + 345469. What is j(-325)?
-6
Let a(g) = -807*g - 7174. Give a(-11).
1703
Let h(g) = -36*g**2 + 571*g - 512. Determine h(21).
-4397
Let g(x) = 2*x**2 - 8891*x - 26696. Determine g(-3).
-5
Let x(i) = -4*i**2 - 157*i - 578. Give x(-33).
247
Let h(v) = 246*v**2 + 105*v + 120. Give h(0).
120
Let o(n) = 11*n**2 - 80*n + 146. Calculate o(2).
30
Let b(f) = 59*f**2 + 761*f + 2118. Calculate b(-9).
48
Let j(k) = -k**2 + 112*k + 1465. Give j(-10).
245
Let c(o) = -171736*o + 171725. Determine c(1).
-11
Let c(x) = -98*x**3 + 32*x**2 + 33*x - 2. Determine c(-1).
95
Let z(g) = 2074*g + 7395. Determine z(-4).
-901
Let u(x) = x**2 - 79603*x + 3580116. Give u(45).
6
Let w(n) = 27*n**3 + 4310*n**2 - 1596*n + 649. Calculate w(-160).
9
Let c(v) = -24*v**2 - 122*v - 99. What is c(-1)?
-1
Let b(o) = -o**3 + 158*o**2 + 262*o + 9286. What is b(160)?
6
Let t(z) = z**3 - 39*z**2 + 289*z + 419. What is t(31)?
1690
Let c(w) = -4927*w - 59045. Give c(-12).
79
Let o(j) = j**2 + 16673*j - 1390752. Determine o(83).
-4
Let d(s) = -9*s**2 + 1084*s + 446. Determine d(120).
926
Let k(t) = -296406*t + 11559827. Determine k(39).
-7
Let y(b) = 4*b**3 + 1089*b**2 + 2412*b - 4638. Give y(-270).
222
Let u(p) = 667*p**2 - 3511*p + 15. Give u(5).
-865
Let s(v) = -v**2 + 95*v + 12001. Calculate s(-83).
-2773
Let z(c) = -16314*c + 16838. Give z(1).
524
Let z(f) = -3*f**2 + 171*f + 31146. Give z(-77).
192
Let r(j) = -324511*j + 11682399. Give r(36).
3
Let n(d) = -8361040*d - 16722082. Give n(-2).
-2
Let n(g) = 92*g**2 + 287*g + 845. Give n(-3).
812
Let n(d) = -6*d**2 - 944*d + 135564. Determine n(91).
-26
Let u(g) = 60*g**3 + 2*g - 179. Calculate u(0).
-179
Let d(a) = 7172*a - 2065535. What is d(288)?
1
Let r(i) = 6*i**3 + 27*i**2 + 151*i + 42. What is r(-5)?
-788
Let l(z) = 539*z - 137085. Determine l(254).
-179
Let y(f) = -5*f**3 + 1035*f**2 + 4219*f + 14. Give y(211).
-197
Let f(t) = 279*t - 5874. Determine f(22).
264
Let u(l) = 11*l**2 + 775*l - 399. What is u(-71)?
27
Let d(k) = -k**3 - k**2 + 29*k - 250. What is d(14)?
-2784
Let y(u) = -300*u - 462. What is y(-6)?
1338
Let y(w) = -105*w**2 - 4597*w - 7861. Calculate y(-42).
-7
Let d(r) = -13*r**2 - 316*r + 2208. What is d(-30)?
-12
Let u(k) = -k**3 - 158*k**2 + 4164*k - 1. Determine u(23).
22
Let s(h) = 245992*h + 1475973. Give s(-6).
21
Let l(x) = -20*x**2 + 3116*x - 20828. Calculate l(7).
4
Let t(b) = -b**3 + 52*b**2 + 145*b + 726. What is t(55)?
-374
Let b(h) = -4*h**2 - 1941*h + 25506. What is b(-498)?
108
Let j(a) = -a**2 + 419*a - 9928. What is j(25)?
-78
Let p(h) = h**3 - 32*h**2 + 369*h - 18489. Calculate p(36).
-21
Let k(o) = -503*o - 37924. Calculate k(-75).
-199
Let k(j) = 25692*j - 282617. Determine k(11).
-5
Let k(q) = q**2 - 269*q + 14118. Calculate k(196).
-190
Let k(y) = 186*y + 55787. Give k(-300).
-13
Let w(g) = 563*g - 8947. What is w(23)?
4002
Let p(n) = -n**3 + 170*n**2 + 456*n - 77496. Calculate p(170).
24
Let l(a) = 25*a**3 - 330*a**2 + 184*a - 1572. Give l(13).
-25
Let d(j) = -18252*j + 547568. Determine d(30).
8
Let y(w) = 126*w - 31384. What is y(247)?
-262
Let b(h) = -4*h**2 + 473*h - 7666. Calculate b(98).
272
Let o(n) = -n**3 - 13*n**2 + 158*n + 1941. Give o(-11).
-39
Let v(w) = w**3 + 70*w**2 - 2744*w - 12. What is v(-98)?
-12
Let b(r) = 246*r**2 - 7080*r - 110. What is b(29)?
1456
Let x(j) = -12*j**2 - 99*j + 258. Give x(-11).
-105
Let f(s) = -s**3 + s**2 + 12*s - 108. Give f(8).
-460
Let z(h) = h**3 + 434*h**2 - 26*h - 11270. Calculate z(-434).
14
Let d(f) = -379*f**2 - 22*f - 39. Determine d(-2).
-1511
Let j(r) = r**3 + 45*r**2 - 175*r + 323. What is j(-49)?
-706
Let v(m) = -3300*m - 227709. Determine v(-69).
-9
Let s(m) = -m**3 + 14*m**2 + 82*m - 1112. Give s(8).
-72
Let o(y) = y**2 + 4474*y + 760569. Determine o(-177).
0
Let v(d) = 2*d**3 - 7*d**2 - 42*d + 298. Calculate v(0).
298
Let v(a) = 67*a**2 - 2949*a + 7. What is v(44)?
-37
Let u(w) = -221*w**2 + 95*w + 313. Determine u(-1).
-3
Let r(f) = -2*f**2 + 668*f + 1245. Calculate r(334).
1245
Let q(d) = d**2 + 8338*d + 717841. Give q(-87).
4
Let j(i) = 4183*i - 37642. Give j(9).
5
Let z(g) = 1702*g**2 - 1632*g - 68. Give z(1).
2
Let s(p) = -34410*p - 6. Calculate s(0).
-6
Let s(w) = -84011*w - 1. Give s(0).
-1
Let z(y) = 20142*y + 5680061. Determine z(-282).
17
Let q(n) = -2*n**3 - 891*n**2 - 38328*n + 71869. Determine q(-397).
12
Let y(b) = 2952*b + 171202. What is y(-58)?
-14
Let r(k) = 396*k + 7163. Give r(-18).
35
Let s(x) = -49*x**2 - 196*x - 263. Determine s(-4).
-263
Let k(n) = -3*n**3 - 94*n**2 - 11*n + 553. Give k(-31).
-67
Let r(b) = 2*b**3 + 83*b**2 - 48*b - 3599. What is r(-41)?
50
Let v(j) = 95*j**2 - 2051*j + 10286. Calculate v(8).
-42
Let w(a) = 10*a**3 - 3*a**2 - 2034*a + 4065. Give w(2).
65
Let t(c) = c**2 + 24356*c - 1122489. Give t(46).
3
Let x(f) = 135*f**2 - 3540*f + 775. Give x(26).
-5
Let b(m) = m**3 - 79*m**2 + 1058*m + 53. What is b(17)?
121
Let q(y) = y**3 + 34*y + 60. Calculate q(-4).
-140
Let z(p) = 681*p + 36237. Calculate z(-50).
2187
Let j(s) = -2*s**3 + 71*s**2 - 401*s - 490. Give j(28).
42
Let q(g) = 21*g**2 - 15753*g + 2251. What is q(750)?
1
Let z(t) = -22*t**3 + 125*t**2 - 173*t + 8. Give z(4).
-92
Let p(j) = -j**2 + 662*j - 109554. Give p(336).
-18
Let u(s) = 5*s**3 + 436*s**2 + 8546*s - 1030. What is u(-30)?
-10
Let w(x) = -x**3 + x**2 - 22*x - 259. Determine w(0).
-259
Let x(l) = 76247*l**2 + 304986*l - 1. What is x(-4)?
7
Let x(r) = 241*r**2 + 1188*r + 76. Give x(-5).
161
Let u(a) = -22*a**2 - 5322*a - 21286. What is u(-4)?
-350
Let x(v) = 12*v**3 + 83*v**2 + 164*v - 4. Determine x(-6).
-592
Let c(h) = -13063*h - 78274. Calculate c(-6).
104
Let b(v) = 1014*v + 662140. Calculate b(-653).
-2
Let a(y) = y**3 - 227*y**2 + 12791*y + 111. Give a(123).
-12
Let a(z) = -39*z**3 - 64*z**2 - 65*z - 17. What is a(-5)?
3583
Let a(o) = 123*o**2 + 71047*o - 27173. Determine a(-578).
-7
Let q(d) = -4*d**3 + 215*d**2 - 557*d - 229. Give q(51).
-25
Let g(y) = 3*y**3 - 104*y**2 - 269*y + 203. Determine g(37).
-167
Let a(l) = l**2 - 601*l + 84877. Give a(227).
-21
Let d(f) = -3*f**3 + 113*f**2 + 135*f - 65. Give d(39).
-884
Let g(u) = 26*u**3 + 3927*u**2 + 150*u - 77. Determine g(-151).
74
Let h(k) = -20389*k + 122389. What is h(6)?
55
Let q(p) = 206*p + 17261. Give q(-84).
-43
Let m(h) = -h**3 + 23*h**2 + 126*h - 2512. Determine m(25).
-612
Let j(l) = -4*l**2 + 26*l + 1080. Calculate j(-14).
-68
Let x(h) = 4*h**3 - 20*h**2 + 9*h + 47. Calculate x(2).
17
Let q(n) = -11*n**2 - 689*n - 1356. What is q(-2)?
-22
Let m(r) = 231*r**2 + 3141*r + 1775. What is m(-13)?
-19
Let n(w) = -w**3 - 12*w**2 + 158*w - 264. What is n(2)?
-4
Let t(w) = -49405*w + 247002. What is t(5)?
-23
Let d(h) = 2541*h + 52157. Calculate d(-21).
-1204
Let y(m) = 14469*m - 1548197. Give y(107).
-14
Let j(g) = -g**3 + 74*g**2 - 468*g - 30. What is j(67)?
37
Let m(b) = 4659*b - 32703. What is m(7)?
-90
Let g(k) = k**3 + 2*k**2 - 35*k - 373. Determine g(-6).
-307
Let i(j) = -2669531*j + 26695304. Determine i(10).
-6
Let x(r) = r**2 - 1457*r - 76897. Determine x(-51).
11
Let q(k) = 3*k**3 + 79*k**2 + 25*k + 308. Give q(-26).
334
Let q(u) = u**3 - 10*u**2 + 867*u - 9675. Determine q(11).
-17
Let u(b) = -2*b**2 + 253*b - 8598. Calculate u(58).
-652
Let z(y) = y**2 + 963*y + 18792. Calculate z(-20).
-68
Let t(i) = -i**2 + 55*i - 239. Give t(22).
487
Let k(j) = 12101*j + 96819. Give k(-8).
11
Let x(v) = -2*v**3 - 115*v**2 + 649*v + 218. Calculate x(-63).
2990
Let g(v) = -v**3 + 685*v**2 - 53547*v - 1816. Calculate g(595).
-31
Let t(y) = -y**3 + 56*y**2 - 381*y + 73. Determine t(6).
-413
Let k(m) = -m**3 + 7*m**2 - 1768*m + 17969. Calculate k(10).
-11
Let b(c) = -c**3 + 145*c**2 - 3135*c - 31856. Calculate b(37).
1
Let r(l) = 14*l**3 + 2533*l**2 - 117*l + 11596. Calculate r(-181).
12
Let j(z) = -3*z**3 - 29*z**2 + 702*z + 5778. Give j(-8).
-158
Let o(m) = -34949*m + 1118389. Give o(32).
21
Let b(l) = 405*l**2 - 379*l + 1. Determine b(1).
27